 85 + 120 = 0. Let u(k) = 4*k - 8. Determine u(j).
20
Let t(o) be the second derivative of 7/2*o**2 + 0 - 8*o + 1/2*o**3 - 1/12*o**4. What is t(5)?
-3
Let q(i) = 5*i**2 + 6*i - 7. Let n(f) = -4*f**2 - 5*f + 6. Let a(r) = -6*n(r) - 5*q(r). Suppose 0 = -4*d - 7*g + 4*g - 5, -2*d + 8 = -2*g. Give a(d).
-2
Suppose -4*d - 5*i = -24, -d - d + 5*i + 12 = 0. Let o = d + -4. Let j(a) = a**2 - a. Give j(o).
2
Let s(r) = 16*r - 16. Let l(t) = -3*t + 3. Let b(q) = -11*l(q) - 2*s(q). Let u be -1 + (-3)/(-1 + 2). Determine b(u).
-5
Let u(i) = -i**2 + 3*i - 1. Let z be u(4). Let r(x) = x**3 + x**2 - 4. Let h(c) = -2*c**3 - 3*c**2 + 7. Let d(t) = 4*h(t) + 7*r(t). Determine d(z).
0
Let v(w) = -3*w**2 - w + 3 + 2*w**2 - 2 + 3*w. Suppose -5*z = 3*f - 17, 2*f - 10 = 2*z - 5*z. Determine v(z).
-7
Let u be (18/4)/(6/(-8)). Let k(p) = p**2 + p. Let q(j) = -j**2 - 2*j - 1. Let x(n) = u*k(n) - 5*q(n). What is x(5)?
0
Suppose -t - 3*y - 16 = 3*t, 0 = 2*y. Let p(w) = -w**3 - 3*w**2 + 3*w + 2. What is p(t)?
6
Let g(y) = 3*y**2 - 1 - 34*y**3 + 68*y**3 - 32*y**3 + y. Give g(-2).
-7
Let n(p) = p**3 - 7*p**2 + 7*p + 5. Let c be n(6). Suppose -4*x - a = -0*a - 16, 0 = x + 2*a - c. Let m(f) = f + 3*f**2 - 4*f**2 + 2*f + 3. What is m(x)?
3
Let y(h) be the third derivative of -5*h**4/24 + h**3/6 + 3*h**2. Let a be 1/(-2 - -3)*1. Let l = 0 - a. Determine y(l).
6
Let z(q) = -q. Let s(k) = -7*k + 2. Let y(m) = s(m) - 6*z(m). Calculate y(-3).
5
Let c(b) = -b**3 + 4*b**2 - 4. Let g(x) = -x - 5. Let r(z) = -z**3 + z**2 + 2*z + 3. Let i = -4 - -7. Let j be r(i). Let w be g(j). Give c(w).
-4
Let z = 0 - 0. Let o(d) = d**2 - 4*d**3 + 0*d - d + 1 + z*d. Suppose 0 = -2*v + 2*q + 12, -q = 2*v - v + 4. Calculate o(v).
-3
Let z(d) = d**3 + 4*d**2 - 5*d + 4. Let y be z(-5). Let r(q) = -28 - 17 + 44 - q + 2*q. Calculate r(y).
3
Let m(f) = 5*f**2 + 2*f - 5. Let p(y) = -y + 3. Let v be p(7). Let s(w) = -15*w**2 - 6*w + 14. Let a(c) = v*s(c) - 11*m(c). Give a(1).
6
Let k(v) = v**3 + v**2 + 2*v + 1. Let a = 10 - 0. Let r be a/(-45) - (-32)/(-18). Determine k(r).
-7
Let r(i) be the second derivative of i**3/6 + i**2 + 9*i. What is r(-2)?
0
Let f(c) be the first derivative of -c**7/280 - c**5/60 - c**4/24 + 5*c**3/3 - 1. Let x(h) be the third derivative of f(h). Calculate x(-1).
4
Let o(h) = 2*h**3 - 4*h**2 + h + 4. Let n(g) = -3*g**3 + 8*g**2 - 2*g - 7. Let b(f) = 3*n(f) + 5*o(f). Calculate b(-4).
3
Let g(l) = 5*l**2 - 3*l - 2. Let j(x) = -x**3. Let b(n) = -g(n) + j(n). Give b(-5).
-13
Let h(z) = 2*z - 1. Suppose 2*r - 10 = -0*r. Suppose 3*g + 3*c + r = -16, 3*c - 9 = 2*g. Give h(g).
-13
Let q be 2/((-4)/(-10))*1. Let u(p) be the second derivative of p**3/6 + p**2/2 - 20*p. What is u(q)?
6
Let t(m) = -7*m**2 - 2*m + 1. Suppose -5*w + 12 = -8. Suppose b + 3 = w*b. Calculate t(b).
-8
Let l(x) = 14*x**2 + 35*x - 35. Let i(p) = -5*p**2 - 12*p + 12. Let a(s) = -17*i(s) - 6*l(s). Determine a(4).
-2
Let s(j) be the third derivative of j**4/8 - j**3/6 + j**2. Let h = -5 - -4. Let v be h - (3 + -4 + 1). Give s(v).
-4
Let t(m) = 7*m**2 - m. Let z(f) = 3*f + 9. Let w(k) = -5*k - 14. Let h be (-31)/(-4) - (-4)/16. Let y(c) = h*z(c) + 5*w(c). Let q be y(1). Calculate t(q).
6
Let b(a) = -3*a**2 - a**3 - 1 + 34*a - 34*a. Give b(-2).
-5
Suppose -w + 1 - 2 = -2*y, 5*y - w - 7 = 0. Let r(a) = -2 + a - a - 6 + a**y. Give r(0).
-8
Let w(q) = -4*q**2 + 4*q + 2. Let l(u) = -u**2 + u + 1. Let o(s) = -3*l(s) + w(s). Let b be ((-5)/(-10))/(1/8). Suppose 0*a - b = -2*a. What is o(a)?
-3
Let q(d) be the second derivative of d**4/12 + 2*d**3/3 - 5*d**2/2 + d. Let l be q(-5). Let j(a) = 1 + 1 - 1 + a + a**3 + a**2. Determine j(l).
1
Let o be 5 + -1 - (1 - 0). Let r(h) be the second derivative of 0 - 2/3*h**3 - 1/2*h**2 + 1/12*h**4 + 5*h. Determine r(o).
-4
Let d(o) = 3*o - 15. Let i be d(6). Let n(l) = -l**2 + 2*l + 4. Determine n(i).
1
Let q(t) = t**3 + 2*t**2 - t - 2. Let b be q(-2). Let i(l) = -l - 19. What is i(b)?
-19
Let k(v) = 7 + 7*v + 4*v - 2*v + v**2. Give k(-7).
-7
Let w(t) = t**3 - 5*t**2 - 3*t + 6. Let b be -4 + (-44)/(-12) - 16/(-3). Give w(b).
-9
Let f be (7 + -2)*(2 - 1). Suppose a + 4 = f*a + 4*c, 0 = a + 5*c + 15. Let i(d) = 4*d**2 + 9. Let r(p) = 3*p**2 + p + 8. Let k(x) = 4*i(x) - 5*r(x). Give k(a).
-4
Let p(m) = m**2 + m. Let u(g) = -6*g**2 - 7*g + 3. Let a(w) = -5*p(w) - u(w). Suppose -11 = -5*x - 26. Give a(x).
0
Let c(v) = 2*v + 6. Let x(n) = -1. Let b(t) = -c(t) - 6*x(t). Let u be 9*(7/3 - 2). Determine b(u).
-6
Let r(s) = -s + 1. Suppose -4*u + 2*w = 6, u = 5*u + 3*w + 11. Let k be -1 + (0 - (-4 - u)). What is r(k)?
0
Let q = 3 + -6. Let x(a) = -2*a**3 - 4*a**2 + 3. Let c(s) = 3*s**3 + 4*s**2 - 3. Let o(g) = q*c(g) - 4*x(g). Give o(4).
-3
Let z(n) be the second derivative of n**5/20 - n**4/3 - n**3/3 + n**2 - 13*n. Calculate z(2).
-10
Let l(v) = 9 + 4 - 7*v**2 - v**3 + 9*v - 6 + 5. Let d be l(-8). Let r(x) = -x - 7 - x + d*x. Determine r(5).
3
Let q be (-24)/10 + 12/(-20). Let p be -1 + q + (-4 - -3). Let a be (-4)/p*(-3 - 2). Let g(i) = -i**3 - 3*i**2 + 2*i - 2. Determine g(a).
6
Let n(m) = m + 2. Let u(o) = -o**2 + 14*o - 4. Let g be u(13). Suppose -3*i + 18 = -g*i. What is n(i)?
-1
Let i(o) = 2*o - 12. Let j be i(8). Suppose j*n - 3*n = 0. Suppose 3*k - 7 = -3*h + 14, -5*k + 15 = n. Let d(f) = -f**3 + 3*f**2 + 4*f - 4. Determine d(h).
-4
Let t(f) be the first derivative of -f**4/4 - f**3/3 - f**2/2 + 2*f + 1. Let l(m) = -m**3. Let g(s) = -2*l(s) + t(s). Calculate g(0).
2
Let v(h) be the second derivative of -h**4/6 - 2*h**3/3 - h**2 - 9*h. Calculate v(-3).
-8
Let l be (-3 - -1)/((-4)/(-10)). Let c(f) = -2*f - 13. Let j(q) = -3*q - 19. Let d(r) = l*j(r) + 7*c(r). Calculate d(-3).
1
Let l = 99 - 50. Let w(h) = 9 - l*h - 1 + 48*h. What is w(5)?
3
Let i(r) = 2*r**3 + r**2 - 1. Suppose -b = -4 + 3. Suppose b = k - 0. Calculate i(k).
2
Let p(w) = -2*w + 4 + 6*w + 7*w**2 + w**3 + 2*w. Suppose 2*x - 10 = -50. Let y = x - -14. What is p(y)?
4
Suppose 0 = -2*w + 8, 0 = 4*i + 5*w - 6*w - 12. Let h(u) = u + 12*u**2 + 5 - 7*u**2 - 6*u**2. What is h(i)?
-7
Let p(a) = -2*a**2 - 12*a - 14. Let k(y) = -y**2 - 6*y - 7. Let b(z) = 13*k(z) - 6*p(z). Calculate b(-5).
-2
Let w(u) = 16*u - 14. Let b(x) be the second derivative of x**3/2 - 3*x**2/2 + 3*x. Let s(f) = 11*b(f) - 2*w(f). Calculate s(4).
-1
Let z(y) = 58 - 4*y - 58. Calculate z(1).
-4
Suppose 0*i - 4*i - 4 = -t, 5*t = -3*i + 20. Let u(g) = 7*g**2 + g - 9. Let h(j) = 3*j**2 - 4. Let a(v) = -5*h(v) + 2*u(v). What is a(t)?
-6
Let u be 26/7 + (-6)/(-21). Let r(h) = u*h - h**2 + 0*h + 0*h**2. Calculate r(5).
-5
Let w(k) = 38 + 2*k - 68 + 33. Calculate w(-3).
-3
Suppose 2*b = -2 + 8. Suppose b*c = -g - 5, -5*g - 10 - 2 = 2*c. Let n(l) = 11*l + 5. Let h(s) = 12*s + 6. Let p(w) = -5*h(w) + 6*n(w). Give p(c).
-6
Let f(q) be the third derivative of 1/360*q**6 + 1/2*q**3 + 2*q**2 + 0 + 1/24*q**4 - 1/120*q**5 + 0*q. Let l(u) be the first derivative of f(u). What is l(0)?
1
Let t(o) be the first derivative of -o**7/840 - o**6/360 + o**5/24 + o**4/12 - o**3 - 2. Let m(c) be the third derivative of t(c). Calculate m(-3).
5
Let r(n) = -n**3 + 3*n + 4. Let o(s) be the third derivative of -s**6/60 + s**5/60 + 5*s**4/24 + 3*s**3/2 + 4*s**2. Let i(c) = -2*o(c) + 5*r(c). Give i(-3).
-4
Let k(j) = 3*j**2 - j - 2. Let w(p) = -4*p**2 + p + 3. Let x(y) = 5*k(y) + 4*w(y). Let n(t) = 5*t**2 + 6*t - 11. Let v(z) = -2*n(z) - 11*x(z). Determine v(1).
0
Let c = 30 - 30. Let s(g) be the second derivative of c + g + 0*g**2 + 1/6*g**3. What is s(6)?
6
Let q(b) = 2*b - 1. Let v be q(-2). Suppose 4*z = -z - 45. Let k(i) = i**2 + 5*i - 2. Let c(s) = -2*s**2 - 10*s + 3. Let u(a) = z*k(a) - 4*c(a). Calculate u(v).
6
Suppose 3*z + 3*f + f - 41 = 0, -49 = -3*z + 4*f. Let u(h) = 0 + z - 10 - 2*h. Suppose -2*k + 8 = -0*k. What is u(k)?
-3
Let d(l) = -l**2 - 10*l - 3. Let t(a) = -8*a**2 - a. Let c be t(1). What is d(c)?
6
Let g(f) = f. Suppose 0 = -h - 2*a - 24, -5*h + 3*a - 82 = -1. Let i = h - -16. Determine g(i).
-2
Let x(t) = -t**3 + t**2 + t - 1. Let v(j) = 2*j**3 - 5*j**2 - 5*j - 4. Let o(i) = v(i) + x(i). What is o(5)?
0
Let b be 5 + -9 + (-2 - -2). Let f(y) = y**2 + 6*y + 4. Calculate f(b).
-4
Let f(r) = -2 - r**3 + 2. Let u be f(-1). Let q be u*1*-5*1. Let k(t) = t**2 + 6*t + 6. Calculate k